ultiple of 12?
False
Is 19 a factor of 33?
False
Is 53 a factor of 901?
True
Does 2 divide 536?
True
Does 2 divide 1966?
True
Does 14 divide 602?
True
Is 62 a multiple of 18?
False
Is 10878 a multiple of 147?
True
Does 14 divide 9044?
True
Is 3230 a multiple of 38?
True
Is 18497 a multiple of 31?
False
Does 6 divide 438?
True
Is 61 a factor of 2623?
True
Does 29 divide 5684?
True
Is 12221 a multiple of 71?
False
Does 30 divide 690?
True
Does 11 divide 365?
False
Is 19 a factor of 35777?
True
Does 4 divide 754?
False
Does 52 divide 75457?
False
Does 11 divide 454?
False
Is 30 a factor of 1020?
True
Does 40 divide 188600?
True
Does 2 divide 66?
True
Does 9 divide 167?
False
Does 9 divide 3007?
False
Is 48216 a multiple of 196?
True
Is 19732 a multiple of 20?
False
Is 3601 a multiple of 2?
False
Does 84 divide 52307?
False
Does 43 divide 2423?
False
Is 52 a multiple of 11?
False
Is 131 a factor of 936?
False
Is 19 a factor of 3363?
True
Is 7784 a multiple of 139?
True
Is 1547 a multiple of 24?
False
Is 26 a factor of 126022?
True
Is 31 a factor of 3853?
False
Does 9 divide 1224?
True
Is 2308 a multiple of 24?
False
Is 9 a factor of 27?
True
Is 276 a multiple of 6?
True
Does 11 divide 323?
False
Does 46 divide 826?
False
Is 13 a factor of 30?
False
Is 12 a factor of 59556?
True
Does 45 divide 630?
True
Is 5 a factor of 8473?
False
Does 52 divide 46956?
True
Does 109 divide 1417?
True
Is 26077 a multiple of 246?
False
Is 12 a factor of 84?
True
Is 3 a factor of 431?
False
Does 38 divide 852?
False
Is 6 a factor of 54?
True
Does 48 divide 48?
True
Is 3294 a multiple of 12?
False
Is 3518 a multiple of 10?
False
Is 12 a factor of 242?
False
Does 22 divide 473?
False
Does 16 divide 3330?
False
Is 22 a factor of 1386?
True
Is 63 a multiple of 9?
True
Is 176 a factor of 40319?
False
Does 271 divide 24510?
False
Is 67 a factor of 2144?
True
Is 728 a multiple of 12?
False
Is 270 a factor of 14000?
False
Is 2409 a multiple of 11?
True
Is 35 a factor of 2030?
True
Does 207 divide 4140?
True
Does 4 divide 28?
True
Does 78 divide 312?
True
Is 153 a factor of 43227?
False
Does 10 divide 75?
False
Is 112 a multiple of 3?
False
Is 8 a factor of 138?
False
Is 3428 a multiple of 2?
True
Does 14 divide 38926?
False
Is 3248 a multiple of 12?
False
Is 55 a factor of 1100?
True
Is 6444 a multiple of 9?
True
Is 97 a factor of 2102?
False
Is 9 a factor of 4635?
True
Is 4 a factor of 1432?
True
Does 83 divide 1895?
False
Does 32 divide 3136?
True
Is 71 a factor of 9869?
True
Is 61 a factor of 2684?
True
Is 13 a factor of 3516?
False
Is 40 a factor of 186?
False
Is 4 a factor of 124?
True
Does 55 divide 1815?
True
Does 7 divide 6545?
True
Is 5 a factor of 740?
True
Is 7893 a multiple of 18?
False
Is 18 a factor of 22897?
False
Is 90 a multiple of 9?
True
Is 887 a multiple of 39?
False
Does 5 divide 2681?
False
Is 252 a factor of 39816?
True
Is 23251 a multiple of 49?
False
Does 93 divide 11449?
False
Does 6 divide 22194?
True
Is 9 a factor of 965?
False
Does 9 divide 4383?
True
Does 31 divide 1046?
False
Is 229 a multiple of 14?
False
Is 4951 a multiple of 4?
False
Is 46 a factor of 138?
True
Is 8366 a multiple of 18?
False
Is 214 a multiple of 4?
False
Is 22515 a multiple of 5?
True
Is 6182 a multiple of 9?
False
Is 22 a factor of 1672?
True
Does 13 divide 299?
True
Is 301 a multiple of 26?
False
Is 6570 a multiple of 10?
True
Is 215 a multiple of 2?
False
Is 8 a factor of 952?
True
Is 14 a factor of 126?
True
Is 554 a multiple of 37?
False
Is 4 a factor of 380?
True
Is 37 a factor of 28009?
True
Is 268 a factor of 41004?
True
Does 106 divide 84482?
True
Is 88 even?
True
Does 28 divide 308?
True
Is 40 a factor of 5040?
True
Is 4 a factor of 28?
True
Does 88 divide 176?
True
Does 6 divide 2068?
False
Is 1746 a multiple of 11?
False
Is 12 a factor of 25352?
False
Does 5 divide 2957?
False
Is 36331 a multiple of 23?
False
Is 826 a multiple of 14?
True
Does 27 divide 1107?
True
Does 20 divide 5172?
False
Does 9 divide 2527?
False
Does 16 divide 944?
True
Is 70 a multiple of 35?
True
Does 6 divide 312?
True
Is 73 a factor of 2868?
False
Is 50 a factor of 8994?
False
Is 11 a factor of 188?
False
Does 3 divide 162?
True
Is 6 a factor of 19920?
True
Is 2561 a multiple of 10?
False
Does 106 divide 5437?
False
Is 2400 a multiple of 40?
True
Is 5586 a multiple of 38?
True
Is 3667 a multiple of 77?
False
Is 26 a factor of 10426?
True
Does 48 divide 48?
True
Is 67 a factor of 6834?
True
Is 73 a factor of 18773?
False
Is 45 a multiple of 45?
True
Is 5060 a multiple of 115?
True
Does 259 divide 159026?
True
Is 44 a factor of 6966?
False
Does 9 divide 1471?
False
Does 26 divide 1465?
False
Does 12 divide 84?
True
Is 1410 a multiple of 5?
True
Is 2859 a multiple of 39?
False
Is 2 a factor of 19?
False
Does 49 divide 6321?
True
Is 59 a multiple of 16?
False
Is 168 a multiple of 6?
True
Is 60722 a multiple of 41?
False
Is 7644 a multiple of 14?
True
Is 7220 a multiple of 19?
True
Does 16 divide 32?
True
Does 6 divide 618?
True
Does 29 divide 14500?
True
Is 6286 a multiple of 10?
False
Is 42 a factor of 1036?
False
Is 337 even?
False
Does 61 divide 35141?
False
Does 12 divide 30004?
False
Does 34 divide 204?
True
Does 18 divide 581?
False
Does 31 divide 26874?
False
Does 12 divide 588?
True
Is 3402 a multiple of 18?
True
Is 27864 a multiple of 9?
True
Does 14 divide 1218?
True
Does 42 divide 13912?
False
Is 52 a factor of 6552?
True
Is 46 a factor of 3934?
False
Does 16 divide 721?
False
Is 1663 a multiple of 19?
False
Is 53 a factor of 4929?
True
Is 382 a multiple of 21?
False
Does 8 divide 3408?
True
Is 19 a factor of 49576?
False
Is 4 a factor of 212?
True
Does 77 divide 3234?
True
Is 1520 a multiple of 29?
False
Does 22 divide 35301?
False
Is 1920 a multiple of 13?
False
Does 44 divide 660?
True
Is 160 a multiple of 73?
False
Does 3 divide 240?
True
Is 28047 a multiple of 160?
False
Does 72 divide 3816?
True
Is 172 a factor of 4300?
True
Is 39960 a multiple of 66?
False
Is 53 a factor of 8301?
False
Is 3645 a multiple of 211?
False
Is 29 a factor of 97034?
True
Is 110 a multiple of 22?
True
Is 23 a factor of 3406?
False
Is 46 a factor of 46?
True
Does 25 divide 84775?
True
Is 8 a factor of 21440?
True
Does 68 divide 747?
False
Does 17 divide 31008?
True
Is 10 a factor of 16020?
True
Is 2662 a multiple of 5?
False
Is 8541 a multiple of 13?
True
Is 12024 a multiple of 9?
True
Does 90 divide 12203?
False
Does 22 divide 66?
True
Does 60 divide 285?
False
Is 54 a factor of 75572?
False
Is 64 a factor of 640?
True
Is 1292 a multiple of 34?
True
Is 11280 a multiple of 60?
True
Does 24 divide 1442?
False
Is 3387 a multiple of 32?
False
Is 6 a factor of 206?
False
Is 14 a factor of 478?
False
Is 18 a factor of 4724?
False
Does 2 divide 443?
False
Is 51 a factor of 16830?
True
Does 32 divide 16288?
True
Is 5 a factor of 22?
False
Does 37 divide 74?
True
Does 16 divide 231?
False
Is 30 a factor of 630?
True
Is 50 a factor of 200?
True
Is 1287 a multiple of 99?
True
Does 6 divide 67?
False
Does 5 divide 3670?
True
Is 40 a factor of 2550?
False
Is 494 a multiple of 26?
True
Is 52 a factor of 23329?
False
Is 10762 a multiple of 9?
False
Is 49 a factor of 13548?
False
Does 11 divide 4630?
False
Is 5 a factor of 165?
True
Is 43202 a multiple of 10?
False
Does 21 divide 1680?
True
Is 5863 a multiple of 13?
True
Does 18 divide 4428?
True
Is 61 a factor of 1523?
False
Does 22 divide 2596?
True
Is 111 a multiple of 37?
True
Is 12 a factor of 5606?
False
Is 276 a multiple of 30?
False
Is 11 a factor of 692?
False
Is 11040 a multiple of 92?
True
Is 11 a factor of 20446?
False
Does 5 divide 3020?
True
Is 2535 a multiple of 39?
True
Does 4 divide 3162?
False
Is 7513 a multiple of 11?
True
Does 41 divide 63?
False
Does 3 divide 855?
True
Is 1392 a multiple of 9?
False
Is 11583 a multiple of 13?
True
Does 55 divide 45588?
False
Is 2366 a multiple of 13?
True
Is 2 a factor of 520?
True
Is 341 a multiple of 11?
True
Does 41 divide 615?
True
Is 14 a factor of 11583?
False
Is 17 a factor of 357?
True
Does 7 divide 874?
False
Is 1140 a multiple of 30?
True
Is 354 a multiple of 3?
True
Is 1072 a multiple of 31?
False
Is 54 a factor of 3937?
False
Is 150 a factor of 23250?
True
Is 16939 a multiple of 42?
False
Is 1